t is the highest common divisor of 10 and c?
10
Suppose -3*b - 9 = 0, -3*b - 13 = k - 44. Let h(w) = 5*w - 4. Let r be h(2). Suppose 7*n = r*n + k. What is the greatest common divisor of n and 8?
8
Let h be -2 + 7/((-21)/285). Let f = -51 - h. What is the highest common factor of f and 69?
23
Let n be (23 - (2 - 1))/(1/8). What is the highest common divisor of 16 and n?
16
Let j(a) = 11*a**2 + 4*a - 7. Let v be j(-3). What is the greatest common divisor of v and 60?
20
Let d(c) be the first derivative of 2*c**3/3 + 9*c**2/2 - 11*c + 4. Let x be d(-9). Suppose -4*r + x = r. What is the highest common factor of r and 126?
14
Suppose u - 6*u + 100 = 0. Calculate the greatest common factor of u and 5.
5
Let l(f) be the second derivative of 5*f**3/6 - 5*f**2/2 + f. Let z = 755 + -747. Let d be l(z). What is the greatest common divisor of d and 14?
7
Let k be 2*((-12)/(-16))/(12/8). Calculate the greatest common divisor of 29 and k.
1
Suppose -9*g + 7*g = -24. Let r(i) = -i**3 + 3*i**2 + 2*i - 3. Let x be r(3). Calculate the greatest common divisor of g and x.
3
Suppose 29*u - 1992 = 879. Calculate the highest common factor of 66 and u.
33
Let w(x) = x + 15. Let d be w(-4). Suppose s - d - 94 = 0. Calculate the greatest common divisor of 15 and s.
15
Suppose 20 = 4*p, -4*u + 2*p = -0*p - 166. What is the highest common divisor of u and 77?
11
Let h be (-1140)/8*4/(-6). Let t = h - 86. Calculate the highest common factor of t and 81.
9
Let k(q) = 2*q**2 - q. Let v be k(1). Suppose -15 = -4*r - 3*a, 13 - v = r - 2*a. Let t be (-100)/(-8) + (-2)/4. Calculate the highest common factor of r and t.
6
Let o be 3 + (-2 - 0) + 13. Let f = -8 + 27. Suppose -f*d = -17*d - 140. Calculate the highest common factor of d and o.
14
Let a(c) = c + 1. Let g(x) = -3*x - 46. Let w(o) = -4*a(o) - g(o). Let h be w(14). Calculate the highest common divisor of 252 and h.
28
Let w = 28 - -3. Calculate the greatest common divisor of 527 and w.
31
Let n = -27863 - -27875. Let w be (0 - 1*3)*-1. Suppose -2*t + 50 = w*t - 5*v, -5*t = 4*v - 68. Calculate the greatest common divisor of n and t.
12
Let f be (63/(-15))/(21/(-105)). Let a(s) = s + 6*s + 0*s. Let u be a(3). What is the highest common factor of f and u?
21
Suppose s - 1 = -u + 5, -18 = -s + 5*u. Let f = s + -5. Suppose r - 648 = -f*r. What is the highest common divisor of r and 18?
18
Suppose 1075 = -5*l + 2*c, l + c - 2*c = -215. Let x = -94 - l. What is the greatest common divisor of 11 and x?
11
Suppose -103*q + 383 = -441. Let m = 50 + 14. What is the greatest common factor of m and q?
8
Let y(o) = -34*o**2 + 2*o + 1. Let w be y(-1). Let n be (2/(-6))/(3/135*3). Let c be (4/n)/(2/w). Calculate the highest common divisor of 70 and c.
14
Let s(c) = 15*c**2 + 6*c - 9. Let x be s(-3). Calculate the highest common factor of 4 and x.
4
Let y = 1 - 0. Let b be (8/20)/(y/35). Let d = b + -12. What is the greatest common factor of 18 and d?
2
Let x = -862 - -1434. What is the highest common factor of x and 208?
52
Suppose -330*u + 328*u = -32. Suppose -3*t = -6, -4*x - 3*t + 13 = 115. Let b = -3 - x. Calculate the greatest common factor of b and u.
8
Suppose 0 = -2*q - 2*m + 18, q = 5*m - 0*m - 15. Let u be 1*10 - (-6 - -8). Suppose 0 = y - 2 - u. Calculate the highest common divisor of q and y.
5
Let x = -87 + 102. What is the highest common divisor of x and 9?
3
Let g be 2/(-5 - 13/(-3)). Let n be g/4 + 7667/68. Calculate the highest common divisor of n and 7.
7
Suppose -184 = -3*g + 2*n, n = -2*g + 101 + 31. Let f = 119 - g. Calculate the highest common divisor of 5 and f.
5
Let f be 151/6 - (-2)/(-12). Let b = -45 + f. Let h be (-1 + 13)*b/(-6). What is the highest common divisor of 8 and h?
8
Suppose 53*p = 59*p - 138. Let n(d) = 6*d - 1. Let s be n(4). What is the highest common factor of p and s?
23
Let l(u) = u**3 + 31*u**2 + 17*u - 10. Let x be l(-30). What is the highest common divisor of 20 and x?
20
Let f(q) = -q**3 + 9*q**2 + 10*q + 1. Suppose 0 = 7*s - 3*s - 40. Let r be f(s). Let z = 21 - 14. Calculate the greatest common factor of z and r.
1
Let f = -17 + 46. Let d = f + -24. Suppose -2 = -2*v - 8, -38 = -u + v. Calculate the highest common divisor of u and d.
5
Let h(t) = -t - 8. Let v be h(-11). Suppose -15 - 9 = v*a. Let s = a - -23. Calculate the greatest common factor of s and 45.
15
Let q = -6 + 8. Suppose 5*a = -5*d + 555, q*d - 2*a = 41 + 177. Calculate the highest common factor of 44 and d.
22
Suppose -3*v - 28 = -6*v + x, 5*x = -5*v + 40. Calculate the greatest common factor of v and 243.
9
Let a be (-217)/(-28) + (-6)/(-24). What is the highest common factor of a and 1?
1
Let v be -2*6/(-3) + -1. Suppose 4*r + p - 183 = -0*p, 3*r - 126 = v*p. Suppose -2*h = -h - 15. Calculate the highest common factor of h and r.
15
Let u = 8 - 6. Calculate the highest common factor of 10 and u.
2
Suppose 6*y = 22 + 2. Suppose -y*g = -n + 25, -g - 4*g + 115 = 2*n. Let h(o) = -6*o - 3. Let w be h(-3). Calculate the greatest common divisor of w and n.
15
Suppose -n - 4*w + 28 = 0, -5*n = -4*w - 29 + 9. Let d = 4 - -20. Calculate the greatest common divisor of d and n.
8
Let f be 3/2*(0 - (-30)/9). Let s be (-3)/9 - 818/(-6). Suppose 2*v = -3*v - 5*j + 130, f*v = j + s. Calculate the highest common divisor of 18 and v.
9
Let d = -2 + 5. Suppose 2*x - d = 1. Let y(m) = -m**3 + 33*m**2 + 33*m + 35. Let h be y(34). What is the greatest common divisor of h and x?
1
Let i = -4 + 7. Suppose 0 = -8*m + i*m + 90. Suppose -3*w - 3*j + m = 2*w, w - j = 2. What is the highest common factor of 15 and w?
3
Let p = 18 - 12. Suppose 2*v + 90 = 3*l, -p*v + v - 275 = 5*l. Let n = 76 + v. What is the greatest common factor of n and 175?
25
Suppose -5*p + 20 + 15 = 2*n, -4*p + n + 15 = 0. Suppose -2*w - 3*w - 4*l + 35 = 0, 4*w + p*l - 37 = 0. Calculate the highest common factor of w and 15.
3
Suppose -346*p + 331*p + 1470 = 0. Calculate the highest common divisor of 14 and p.
14
Suppose -d = d - 28. Suppose -241 = -3*l + 2*z, -3*z + 344 = 4*l - 0*l. Let h = l + -41. Calculate the highest common divisor of h and d.
14
Suppose 0 = 2*d - 41 - 5. Suppose -d + 311 = -3*x. Let a = -62 - x. What is the highest common divisor of 51 and a?
17
Suppose 0 = -17*r + 13*r - 108. Let x = r - -30. What is the greatest common factor of 12 and x?
3
Suppose 30 = 6*l + 18. Let o be ((-12)/15)/(2/20). Let b = l - o. Calculate the greatest common factor of b and 20.
10
Let x be 2235/(-25) + 0 + 2/5. Let g = 97 + x. Calculate the greatest common factor of 12 and g.
4
Let r be 0*2/4 + 6. Suppose -m = -0*m + r. Let l be 6/(2*m/(-40)). Calculate the greatest common factor of 8 and l.
4
Let t(k) = 39*k. Let p be t(4). What is the highest common divisor of p and 24?
12
Let y(u) = 2*u + 16. Let v be y(-6). Let l(m) = 7*m**2 - 7*m + 4. Let a be l(v). Calculate the greatest common divisor of a and 11.
11
Let v be (1 - 56/3)*3. Let o(a) = -7*a - 6. Let r be o(10). Let w = v - r. Calculate the greatest common factor of 23 and w.
23
Let g = -70 + 94. Let f be (-15)/(15/8 + -2). What is the highest common factor of f and g?
24
Let r(l) = l**2 + 16*l + 1. Let q be r(-16). Suppose 4*z - 22 = s + s, 4*s - 5 = z. What is the highest common factor of q and z?
1
Let d(b) = b**2 + 3*b - 4. Let p be d(-5). Let n(r) = r**2 + 4*r - 3. Suppose 7*i + 0*i = 21. Let l be n(i). What is the highest common divisor of l and p?
6
Let r = 12 - 7. Let j = -89 - -94. What is the highest common divisor of j and r?
5
Let m be 6*(-8)/72*114/(-4). Calculate the highest common factor of m and 95.
19
Let p(z) = 6 + 1 - z + 0. Let y be p(0). Let o(u) = 3*u**3 - u**2 - 4*u + 9. Let f be o(2). What is the highest common factor of f and y?
7
Let c be (-4)/((36/63)/(-4)). What is the highest common divisor of c and 1316?
28
Let h(k) = -k**3 + 2*k**3 + 5*k + 7*k - 11*k - 2. Let j be h(1). Let o be 0 + 4 + (j - -3). What is the greatest common divisor of 28 and o?
7
Let r(c) = -153*c**3 + c**2 - c - 1. Let p be r(-1). Let s be (-204)/(-14) + (-196)/343. What is the highest common divisor of p and s?
14
Let q = 14 - 8. Suppose 3*n - 324 = -q*n. What is the highest common divisor of 324 and n?
36
Let f = 13 - 8. Suppose -f*x + 1 = -4*x. Suppose 1 + 0 = u. What is the greatest common divisor of u and 